?
2, 3, 31, 3271
List the prime factors of 1110714.
2, 3, 11, 16829
List the prime factors of 440355.
3, 5, 31, 947
List the prime factors of 213802.
2, 53, 2017
What are the prime factors of 28780227?
3, 7, 61, 7489
What are the prime factors of 69359?
43, 1613
List the prime factors of 2404871.
7, 17, 2887
List the prime factors of 540625.
5, 173
List the prime factors of 240657.
3, 97, 827
List the prime factors of 874465.
5, 174893
List the prime factors of 189226.
2, 94613
List the prime factors of 10409311.
11, 43, 59, 373
What are the prime factors of 11566402?
2, 19, 53, 5743
List the prime factors of 3934835.
5, 223, 3529
List the prime factors of 20320725.
3, 5, 43, 6301
List the prime factors of 1993918.
2, 149, 6691
What are the prime factors of 170075?
5, 6803
List the prime factors of 214810.
2, 5, 21481
What are the prime factors of 221011?
7, 31573
List the prime factors of 12883978.
2, 6441989
What are the prime factors of 4234237?
7, 86413
List the prime factors of 36299.
36299
List the prime factors of 2470536.
2, 3, 34313
List the prime factors of 1683487.
13, 129499
List the prime factors of 172271.
11, 15661
What are the prime factors of 278279?
278279
List the prime factors of 341959.
341959
List the prime factors of 18831663.
3, 31, 149, 151
What are the prime factors of 26167385?
5, 59, 107, 829
List the prime factors of 748830.
2, 3, 5, 109, 229
What are the prime factors of 1249105?
5, 11, 13, 1747
What are the prime factors of 406416?
2, 3, 8467
What are the prime factors of 25591?
157, 163
What are the prime factors of 13190743?
227, 58109
List the prime factors of 375787.
375787
List the prime factors of 124037.
71, 1747
What are the prime factors of 1570244?
2, 13, 30197
What are the prime factors of 4768995?
3, 5, 7, 11, 4129
List the prime factors of 29698131.
3, 9899377
What are the prime factors of 1395751?
7, 17, 37, 317
What are the prime factors of 171593?
29, 61, 97
List the prime factors of 3912179.
41, 95419
List the prime factors of 101067.
3, 59, 571
What are the prime factors of 457698?
2, 3, 76283
List the prime factors of 2812283.
61, 46103
What are the prime factors of 50670?
2, 3, 5, 563
What are the prime factors of 2504464?
2, 157, 997
List the prime factors of 336080.
2, 5, 4201
What are the prime factors of 7719303?
3, 2573101
List the prime factors of 14734044.
2, 3, 13, 19, 1657
List the prime factors of 8682710.
2, 5, 868271
What are the prime factors of 2278372?
2, 47, 12119
What are the prime factors of 286880?
2, 5, 11, 163
What are the prime factors of 2497750?
2, 5, 97, 103
List the prime factors of 5414382.
2, 3, 300799
List the prime factors of 408483.
3, 41
List the prime factors of 152915.
5, 7, 17, 257
List the prime factors of 274925.
5, 7, 1571
What are the prime factors of 8603454?
2, 3, 1433909
What are the prime factors of 4963842?
2, 3, 13, 2357
List the prime factors of 11946493.
13, 271, 3391
List the prime factors of 295667.
37, 61, 131
List the prime factors of 55047.
3, 59, 311
List the prime factors of 28258951.
7, 4036993
List the prime factors of 5749963.
41, 59, 2377
List the prime factors of 943607.
7, 163, 827
What are the prime factors of 1450547?
7, 4229
What are the prime factors of 2532277?
11, 23, 10009
What are the prime factors of 24120?
2, 3, 5, 67
What are the prime factors of 247740?
2, 3, 5, 4129
List the prime factors of 1084617.
3, 17, 139
What are the prime factors of 87037?
87037
What are the prime factors of 17064995?
5, 47, 72617
List the prime factors of 5284532.
2, 11, 120103
List the prime factors of 300496.
2, 7, 2683
What are the prime factors of 2975731?
11, 17, 15913
What are the prime factors of 25661862?
2, 3, 31, 45989
List the prime factors of 6381385.
5, 691, 1847
List the prime factors of 7951665.
3, 5, 17, 31183
List the prime factors of 1089142.
2, 23, 23677
List the prime factors of 10618039.
10618039
What are the prime factors of 1713?
3, 571
List the prime factors of 373266.
2, 3, 89, 233
List the prime factors of 23704.
2, 2963
List the prime factors of 490683.
3, 163561
What are the prime factors of 326429?
197, 1657
List the prime factors of 24914503.
17, 1465559
List the prime factors of 513687.
3, 83, 2063
List the prime factors of 4444112.
2, 277757
List the prime factors of 40906.
2, 113, 181
List the prime factors of 20138356.
2, 7, 719227
List the prime factors of 2124862.
2, 653, 1627
List the prime factors of 37488129.
3, 7, 1785149
What are the prime factors of 2747035?
5, 263, 2089
List the prime factors of 10301654.
2, 11, 23, 20359
What are the prime factors of 4698019?
31, 151549
List the prime factors of 341603.
341603
List the prime factors of 2592151.
19, 136429
What are the prime factors of 3877322?
2, 73, 26557
List the prime factors of 4281895.
5, 61, 101, 139
List the prime factors of 2246740.
2, 5, 112337
List the prime factors of 9886258.
2, 173, 28573
What are the prime factors of 16394919?
3, 17, 321469
List the prime factors of 513527.
7, 73361
What are the prime factors of 8538816?
2, 3, 11, 13, 311
What are the prime factors of 253838?
2, 13, 751
List the prime factors of 664940.
2, 5, 33247
List the prime factors of 8070031.
647, 12473
What are the prime factors of 32636931?
3, 23, 331, 1429
What are the prime factors of 1765283?
13, 251, 541
What are the prime factors of 7836911?
19, 59, 6991
What are the prime factors of 7002241?
19, 368539
What are the prime factors of 367742?
2, 183871
What are the prime factors of 13588058?
2, 11, 56149
List the prime factors of 1702481.
11, 37, 47, 89
List the prime factors of 10787010.
2, 3, 5, 13, 17, 1627
List the prime factors of 28896576.
2, 3, 150503
What are the prime factors of 6694?
2, 3347
What are the prime factors of 2302602?
2, 3, 383767
List the prime factors of 902578.
2, 37, 12197
List the prime factors of 1198803.
3, 399601
What are the prime factors of 315866?
2, 157933
List the prime factors of 1916184.
2, 3, 79841
List the prime factors of 631236.
2, 3, 41, 1283
List the prime factors of 340823.
7, 181, 269
What are the prime factors of 104978?
2, 52489
What are the prime factors of 524599?
524599
What are the prime factors of 14623888?
2, 29, 31517
List the prime factors of 35911770.
2, 3, 5, 1197059
What are the prime factors of 260905?
5, 52181
List the prime factors of 525963.
3, 17, 10313
What are the prime factors of 6989575?
5, 279583
List the prime factors of 496062.
2, 3, 7, 31, 127
List the prime factors of 7841500.
2, 5, 15683
What are the prime factors of 436697?
31, 14087
What are the prime factors of 2776016?
2, 173501
List the prime factors of 287987.
7, 41141
List the prime factors of 3752154.
2, 3, 7, 97, 307
What are the prime factors of 7100?
2, 5, 71
What are the prime factors of 2793639?
3, 931213
What are the prime factors of 3285137?
349, 9413
List the prime factors of 1247295.
3, 5, 7, 1697
List the prime factors of 2491485.
3, 5, 166099
List the prime factors of 73398.
2, 3, 13, 941
What are the prime factors of 430521?
3, 7, 13, 19, 83
What are the prime factors of 6689751?
3, 2229917
List the prime factors of 3708255.
3, 5, 173, 1429
What are the prime factors of 392375?
5, 43, 73
What are the prime factors of 219789?
3, 24421
What are the prime factors of 1411395?
3, 5, 23, 4091
List the prime factors of 303861.
3, 101287
List the prime factors of 2061926.
2, 139, 7417
What are the prime factors of 3912969?
3, 271, 4813
What are the prime factors of 548670?
2, 3, 5, 18289
List the prime factors of 30586699.
11, 13, 107, 1999
List the prime factors of 2409359.
17, 239, 593
What are the prime factors of 2244348?
2, 3, 2309
What are the prime factors of 98302?
2, 23, 2137
List the prime factors of 601959.
3, 163, 1231
What are the prime factors of 5829570?
2, 3, 5, 2399
List the prime factors of 865705.
5, 173141
What are the prime factors of 26664265?
5, 5332853
What are the prime factors of 278844?
2, 3, 19, 1223
List the prime factors of 273778.
2, 136889
What are the prime factors of 1185239?
11, 19, 53, 107
What are the prime factors of 117701?
117701
What are the prime factors of 27368?
2, 11, 311
What are the prime factors of 530616?
2, 3, 22109
What are the prime factors of 829211?
829211
What are the 